 12, what is 4967a + -11?
49669
In base 5, what is 1010 + 20143?
21203
In base 16, what is -a9 - -151e?
1475
In base 6, what is 110245 + 32?
110321
In base 11, what is -1 - 34087?
-34088
In base 16, what is 2 + 8cd5?
8cd7
In base 4, what is 1 + 10210111?
10210112
In base 15, what is -bc + -4b2?
-57e
In base 2, what is -11110011000 + -1?
-11110011001
In base 16, what is 2d + 1c5?
1f2
In base 10, what is -59 - 2178?
-2237
In base 2, what is -1101110010110101 + -111?
-1101110010111100
In base 14, what is -15 + -2280?
-2295
In base 9, what is -48672 + 5?
-48666
In base 8, what is -5 - 2546025?
-2546032
In base 11, what is -63662 + 5?
-63658
In base 10, what is 1 - -417703?
417704
In base 5, what is 110244 - 302?
104442
In base 9, what is 647 + -2750?
-2102
In base 7, what is 6 + 312243?
312252
In base 10, what is 6 - 404674?
-404668
In base 5, what is -21242243 - -1?
-21242242
In base 5, what is 1030 - 30244?
-24214
In base 12, what is -1722 + 43?
-169b
In base 11, what is -39 - 873?
-901
In base 4, what is -231333 - -30?
-231303
In base 3, what is -100001 - -1102?
-21122
In base 6, what is 2 - 5314533?
-5314531
In base 9, what is 71473 - 0?
71473
In base 6, what is 1524234 + 5?
1524243
In base 6, what is -4 + 3444124?
3444120
In base 11, what is -3 - 5782?
-5785
In base 9, what is -3 - 32?
-35
In base 13, what is -2 - -3496c?
3496a
In base 7, what is -4 - -2141305?
2141301
In base 15, what is 5 - 4e823?
-4e81d
In base 7, what is -1031121 - -1?
-1031120
In base 4, what is -11 + -2013312330?
-2013313001
In base 2, what is 1 + -11001100011110011011?
-11001100011110011010
In base 11, what is -13 - 76913?
-76926
In base 9, what is -326683 + 1?
-326682
In base 16, what is -654 - 2b?
-67f
In base 2, what is 101110101 + -111010011?
-1011110
In base 8, what is -17754 - -3?
-17751
In base 12, what is 1a82 - 8?
1a76
In base 5, what is 2040323 - 2?
2040321
In base 2, what is -10100100000111100 - 10?
-10100100000111110
In base 3, what is -10000110 + 2012?
-2221021
In base 6, what is -25 - -13322?
13253
In base 15, what is 277 - b?
26b
In base 8, what is -2 + 1054752?
1054750
In base 13, what is c48 - -1?
c49
In base 5, what is 24 - 11024232?
-11024203
In base 15, what is -2 - -7188b?
71889
In base 6, what is -1 + -55153?
-55154
In base 2, what is -11 - -10101011010011?
10101011010000
In base 12, what is 5a4a2 - -4?
5a4a6
In base 15, what is 1 + -296db?
-296da
In base 15, what is -2090 - -2?
-208d
In base 13, what is 68bc - 7?
68b5
In base 2, what is 1111010 + -11010011111100?
-11010010000010
In base 7, what is 4 + 1030310?
1030314
In base 11, what is 1974 + -551?
1423
In base 14, what is -2 + -1c588?
-1c58a
In base 3, what is 11 + -111102211221?
-111102211210
In base 7, what is -1 - -16224?
16223
In base 13, what is 7597 - -12?
75a9
In base 6, what is -3 - -422415?
422412
In base 3, what is -2220 + 122201?
112211
In base 5, what is 410142242 + -1?
410142241
In base 6, what is 320212 + 3?
320215
In base 9, what is 2445027 - -4?
2445032
In base 5, what is -23 - 444141?
-444214
In base 16, what is 1 - -7b984?
7b985
In base 8, what is -107 - -3?
-104
In base 16, what is d0c + 5d4?
12e0
In base 14, what is -d8b7b - -4?
-d8b77
In base 16, what is -23 - -23?
0
In base 14, what is 8b2b - 0?
8b2b
In base 6, what is -1502 + -31040?
-32542
In base 13, what is -a9 - -3665?
3589
In base 11, what is -1 - -2a2137?
2a2136
In base 15, what is -5 - 2a9b1?
-2a9b6
In base 3, what is -1 - -2221102?
2221101
In base 15, what is 4 - -59e6?
59ea
In base 11, what is 2 - -53434?
53436
In base 14, what is 1c2 + 4a?
22c
In base 16, what is -5 - -331aa?
331a5
In base 11, what is -58710 + -14?
-58724
In base 6, what is -2214 + 351?
-1423
In base 16, what is 2 + 84a9b?
84a9d
In base 6, what is 10155 - 3422?
2333
In base 15, what is e8 - 41a?
-322
In base 16, what is -15 + -f03?
-f18
In base 2, what is 111 - -101000001101110?
101000001110101
In base 3, what is -122020201010 + 0?
-122020201010
In base 6, what is 3510245 + -2?
3510243
In base 16, what is -f5 - -4a?
-ab
In base 9, what is 74627 - -5?
74633
In base 2, what is -10111000010110000000000 + 10?
-10111000010101111111110
In base 16, what is c6 + d12?
dd8
In base 2, what is -110011010011 - 110?
-110011011001
In base 15, what is 65b4 - -4?
65b8
In base 12, what is ab - 1495?
-13a6
In base 12, what is 1b71 - 429?
1744
In base 2, what is -1111111 + -100001001?
-110001000
In base 10, what is -10335 - -20?
-10315
In base 5, what is -4 + -4211423?
-4211432
In base 14, what is a3 - d5d?
-c9a
In base 2, what is -1011110 - 100001111?
-101101101
In base 9, what is -42374 + 163?
-42211
In base 12, what is 92 + -1?
91
In base 8, what is 10454 - 45?
10407
In base 16, what is -1be14 + -12?
-1be26
In base 9, what is 4 - -33136?
33141
In base 10, what is 8 - -84727?
84735
In base 13, what is -168 + 33a6?
323b
In base 5, what is 13 - -142142201?
142142214
In base 14, what is -12 + -313?
-325
In base 13, what is 4733c - 11?
4732b
In base 8, what is 3410 + -17?
3371
In base 9, what is -3785 - 604?
-4500
In base 6, what is -2522 - -42114?
35152
In base 11, what is 1 - 4773?
-4772
In base 11, what is -2 + 5633?
5631
In base 10, what is -63 + -5480?
-5543
In base 16, what is -90f - 109?
-a18
In base 14, what is -1c + -8447?
-8465
In base 12, what is -1885a4 - 3?
-1885a7
In base 16, what is b66 - 56?
b10
In base 2, what is -1110110000100111000 - 10?
-1110110000100111010
In base 10, what is -3869 - -75?
-3794
In base 2, what is 110 + 100111101000001000?
100111101000001110
In base 13, what is -170 + -68?
-208
In base 16, what is 1d - -1b?
38
In base 2, what is 10 - -100001000001000100?
100001000001000110
In base 6, what is -535010 - 112?
-535122
In base 8, what is 21300751 - -3?
21300754
In base 4, what is 1 - 2013330?
-2013323
In base 2, what is 11 - 1110111011010100?
-1110111011010001
In base 8, what is -75 + -25007?
-25104
In base 10, what is 21 - -8785?
8806
In base 15, what is -3415 - 78?
-348d
In base 5, what is -14231 - 12211?
-31442
In base 12, what is -8092 + -17?
-80a9
In base 14, what is -58a4b - 0?
-58a4b
In base 14, what is 4 - 2a0?
-29a
In base 12, what is 658 - -1a?
676
In base 9, what is 0 + 1503510?
1503510
In base 3, what is -200 - 12001?
-12201
In base 2, what is -1010101 + -110100111100111?
-110101000111100
In base 2, what is 101 + -110101001111011?
-110101001110110
In base 9, what is -2 - 56?
-58
In base 2, what is -11111011011 - 1110?
-11111101001
In base 12, what is -b68 - 1b2?
-115a
In base 5, what is 10 + 33014012?
33014022
In base 10, what is 521 + 230?
751
In base 16, what is -6 - 24673?
-24679
In base 4, what is 10 - 112132122?
-112132112
In base 4, what is 1302210221 - -10?
1302210231
In base 5, what is 2134332 + 0?
2134332
In base 11, what is 0 - 1843?
-1843
In base 12, what is -2393 - 0?
-2393
In base 3, what is 12211020 - -12?
12211102
In base 11, what is 34 - 2063?
-202a
In base 2, what is -10010100100000011 + 110011?
-10010100011010000
In base 10, what is 0 + -16747?
-16747
In base 13, what is -c175 - -2?
-c173
In base 6, what is 2151 + -5514?
-3323
In base 8, what is 1 - 12546?
-12545
In base 8, what is -215034 + 51?
-214763
In base 3, what is 1020 - 112220222?
-112212202
In base 4, what is 2220330201 - 1?
2220330200
In base 9, what is -276544 - 0?
-276544
In base 12, what is -39587 + 16?
-39571
In base 13, what is 197 - -1b4?
37b
In base 14, what is 4 - -5bd3?
5bd7
In base 10, what is -31 + -11255?
-11286
In base 12, what is 8573 + 0?
8573
In base 10, what is -12327 + 23?
-12304
In base 12, what is -128670 + -5?
-128675
In base 8, what is 342421 + 3?
342424
In base 16, what is 5 - eec?
-ee7
In base 6, what is 0 - -215233?
215233
In base 2, what is -1010001100110000 + 11?
-1010001100101101
In base 15, what is -6034c - -4?
-60348
In base 11, what is -7078 - -10?
-7068
In base 3, what is -2 + -2000100102?
-2000100111
In base 4, what is 131232 + -330?
130302
In base 13, what is -3c872 - 3?
-3c875
In base 9, what is 10163 + 1?
10164
In base 12, what is 0 + -1a058?
-1a058
In base 8, what is 26 + 141642?
141670
In base 9, what is 516627 + 5?
516633
In base 2, what is 1100101010011001010 - -11?
1100101010011001101
In base 2, what is -10001111000 - 11110?
-10010010110
In base 13, what is 51619 + -8?
51611
In base 16, what is 2579